vative of a**5/10 + a**4/6 - a**2/2 - 20*a. Calculate t(-2).
-9
Let p(c) = -c**2 - c - 1. Let h = 230 + -224. Give p(h).
-43
Let g be 7/7*-1*1. Let o(v) = -4*v**3 - v**2. Determine o(g).
3
Let o be (5*3/18)/(10/18). Let q(y) be the first derivative of -o*y**2 - 1/4*y**4 + y + 3 - 4/3*y**3. Give q(-3).
1
Let f = 13 - 1. Suppose -b = 2*b - f. Suppose -o = b*o. Let y(h) = -h**2 + 1. What is y(o)?
1
Let f(g) be the third derivative of -g**5/60 + g**4/24 + g**3 - g**2 + 8. What is f(6)?
-24
Suppose 0 = -5*d + 3*s + 37, 2*d + 2*s + 2*s = -6. Let z(n) = -2*n + 8. What is z(d)?
-2
Let z(q) = q**2 - 2*q + 1. Let f(t) = -t. Let b(o) = 2*f(o) - z(o). Let m = -13 + 29. Let i(p) = -2*p + 30. Let w be i(m). Give b(w).
-5
Suppose -4*o - 20 = -3*c, -48 = -c - 4*c + 3*o. Let l(y) = y - 10. What is l(c)?
2
Suppose -z = 3*z - 16. Suppose z = -2*r - 2*r. Let m(w) = -4*w**3 - w**2 + w + 1. What is m(r)?
3
Let x(p) = -1. Let d(y) = y + 3. Let o(w) = d(w) + x(w). Suppose 94 = -4*g + k + k, 2*g + k = -45. Let q = -30 - g. Give o(q).
-5
Let b(m) be the second derivative of 4*m**3/3 - 3*m**2 + 397*m. Give b(5).
34
Let w(y) = y**3 + 6*y**2 + 4*y. Let l be w(-5). Let k(c) = -2*c**2 + 3*c**2 - 3 - 2*c**2 + l*c + 0. Give k(6).
-9
Let g(j) = -7 - 6*j + 4*j - j**2 - 3 - 7*j. Let h = -189 + 181. Determine g(h).
-2
Let u = -108 + 113. Let y(l) be the second derivative of -l**5/20 + 5*l**4/12 - l**3/3 + 5*l**2/2 - 2*l. Give y(u).
-5
Let x(a) = -a + 4. Let n(d) = -12*d + 11. Let f(r) = n(r) - 2*x(r). Calculate f(3).
-27
Let t(w) = w**2 - 6*w - 4. Let n = -52 - -58. What is t(n)?
-4
Suppose -3 + 9 = 3*q. Let c(h) = -2*h**3 - h + 2 - 5*h**q + h**3 + 4*h**2. Let j(v) = 7*v**2 + 24*v + 20. Let i be j(-2). What is c(i)?
2
Suppose -6*y - 21*y = 0. Let o(j) = j**3 + j**2 + j + 1. What is o(y)?
1
Let r(v) be the first derivative of 4*v**3 + 3*v**2/2 - 2*v + 28. Let k(a) = 25*a**2 + 7*a - 5. Let g = -5 - -12. Let c(n) = g*r(n) - 3*k(n). Determine c(-1).
10
Let m(t) = t + 3 - 3*t**2 + t**3 + 2*t**2 - 3*t**2. Let k be (-1)/9 - (-28)/9. Give m(k).
-3
Let r(i) be the second derivative of -i**6/720 - 3*i**5/40 + 11*i**4/12 + i - 5. Let t(y) be the third derivative of r(y). Determine t(-4).
-5
Let j(r) = -r**3 + 7*r**2 + 6*r - 1. Let l(g) = -2*g**3 + 13*g**2 + 11*g - 2. Let q(x) = -11*j(x) + 6*l(x). Give q(-1).
1
Let t(d) = d**3 - d**2 + d - 3. Suppose -w + 3 = -0*w. Suppose 0*p = -3*p - 2*q + 5, 7 = -w*p + q. Let h be p/(-4) - 1/4. Give t(h).
-3
Let p(l) = -l**3 - 8*l**2 + 8*l - 13. Let f be p(-9). Let j(w) = w**3 + 3*w + 1. Let b(y) = 2*y**3 - y**2 + 6*y + 1. Let a(s) = 4*b(s) - 9*j(s). Calculate a(f).
7
Let z = -9 - -32. Suppose c + 0*g = -g + 9, 0 = 3*c + 2*g - z. Let k(q) = -q**3 + 6*q**2 - 5*q + 5. Give k(c).
5
Suppose 4*s = -v + 17, -3*v - 2*s + 9 + 12 = 0. Suppose -5*g - 7 = v*t - g, -2*t = -2*g + 10. Let m(z) = z**2 + 4*z + 4. What is m(t)?
1
Let h be 4/(-8)*(-2 + -2). Suppose -h = -z - 1. Let l(u) = -4 + 0*u + z - u. Give l(-2).
-1
Let u(g) be the second derivative of -3*g**4/8 - g**3/6 + 12*g**2 - 9*g. Let z(a) be the first derivative of u(a). What is z(1)?
-10
Let b(p) = 6*p**3 + 9*p**2 + 6*p - 17. Let a(h) = -3*h**3 - 5*h**2 - 3*h + 9. Let w(j) = -11*a(j) - 6*b(j). Give w(2).
-23
Let k(b) = b**2 - 9*b - 4. Let z(i) = i + 1. Let h(c) = k(c) - z(c). Calculate h(11).
6
Let v(w) = -2*w**3 + 2*w**2 + 4*w - 2. Let k(g) = 2*g**3 - g**2 + 3*g - 1. Let j be k(1). Determine v(j).
-26
Let i(b) = -127*b**2 + 9 - 119*b**2 + b**3 + 237*b**2 + 0 + 8*b. What is i(8)?
9
Let o(m) = 2*m**2 + 2*m. Suppose -19*f = -4*f - 45. Calculate o(f).
24
Let w(u) = -4*u**2 - 13*u + 12. Let o(c) = -144*c - 3*c**2 + 132*c + 8 + 3. Let i(d) = 6*o(d) - 5*w(d). Calculate i(4).
10
Let u(r) be the third derivative of -r**4/8 + r**3/6 + 6*r**2 + 11. Give u(-4).
13
Let h be (-1 - -2)*-8 - -3. Let t(f) = -f - 3. What is t(h)?
2
Suppose 176 = 2*l - 6*l. Let y = l - -37. Let t(p) = p**3 + 7*p**2 + 2*p + 7. What is t(y)?
-7
Let x(g) = 2*g**2 + 2*g - 1. Suppose 3*s - s = -64. Let l = 29 + s. What is x(l)?
11
Let z(w) = w**3 - 7*w**2 + 6*w + 3. Suppose 3 = r + 2*r. Let m = 114 - 106. Let v be r*m/20*15. Give z(v).
3
Let w be (-2 - -4)*(-3)/2*2. Let n(d) = d**2 + 9*d + 9. What is n(w)?
-9
Let n(w) = -w**2 + 11*w - 8. Let b be n(9). Let v(d) = 15*d - 9*d - 2*d**2 + 3*d**2 - b. Calculate v(-8).
6
Let q(o) be the second derivative of -1/24*o**4 - 2/3*o**3 - 1/2*o**2 + 0 + 2*o. Let r(m) be the first derivative of q(m). What is r(-5)?
1
Let l(s) = 2*s**2 + s - 2. Let v(a) = -3*a**2 + 1. Let d(h) = -4*l(h) - 3*v(h). Suppose y = 3 - 1. Let z = 2 + y. What is d(z)?
5
Suppose 83 - 63 = -5*z. Let f(x) = -x**3 - 4*x**2 + 4*x + 7. Calculate f(z).
-9
Let u(g) = g + 13. Suppose -3*h - 29 = o - 0, 5*h + 5*o = -45. Determine u(h).
3
Let z(y) = y**2 + y - 2. Let r(k) = -6*k**2 - 6*k + 11. Let a(n) = -2*r(n) - 11*z(n). Let b(x) = 4*x**2 + x + 1. Let i be b(-1). What is a(i)?
20
Let s(c) = -10 + 4*c + 4*c**2 - c**3 + 9*c - 7*c**2 + 9*c**2. Give s(8).
-34
Let b be -4*(0 + -6 + 5). Let p(r) = -7*r + 1. Give p(b).
-27
Let q be (6/(-8))/(1/(-12)). Suppose -q = 2*r + 3. Let z(b) = -5 - 2 + 194*b + b**3 - 195*b - 2*b**3 - 6*b**2 + 2. Give z(r).
1
Let l(q) = q - 2. Let f be (-219)/(-9) + (-2)/6. Suppose -4*o = -3*c - 89, 0*c - 3*c - 49 = -2*o. Let g = f - o. Determine l(g).
2
Let q(a) be the third derivative of 0 + 1/3*a**4 + 3/2*a**3 + 1/60*a**5 - 12*a**2 + 0*a. Determine q(-7).
2
Let a(b) = b**2 + 5*b. Let l(c) = c**2 + c. Let p(f) = -a(f) + 3*l(f). Let x be (-2)/3*(-54)/(-12). Let g = 5 + x. Give p(g).
4
Let u(h) be the first derivative of h**3/3 - h**2/2 + 3*h + 25. Let i = 1 + -5. Let j = -1 - i. Calculate u(j).
9
Let s(p) = p**3 + 53*p**2 - 113*p - 164. Let l be s(-55). Let t(u) = 4*u**3 + 2*u - 1. What is t(l)?
5
Let m(k) = -k + 4. Let q be m(2). Let n(t) = -t + 6. What is n(q)?
4
Let a be ((-2)/4)/((-9)/108). Suppose g + a = 2*g. Let l(j) be the third derivative of -j**4/24 - 7*j**3/6 + 30*j**2. Calculate l(g).
-13
Let s(y) = -y**2 + y - 9. Let j = 25 - 26. Let u be (0/j)/(6/(-10)*-5). Give s(u).
-9
Let p(l) be the second derivative of l**4/12 + 2*l**3/3 + 2*l + 1. Give p(-5).
5
Suppose -m = 6*m - 14. Suppose -m*b = -5*b + 15. Suppose 0*w = 4*u - 2*w - 34, b*w = u - 31. Let n(k) = -3*k + 8. Determine n(u).
-10
Let i = -26 - -31. Let f(y) = 8 + 0*y - i - y + 5. Calculate f(5).
3
Let d(m) = 39 + 7*m**3 - 13 - 2*m**2 - 11 - 16 + 2*m. What is d(1)?
6
Suppose 0 = -20*s + 18*s - 8. Let j(g) = -g**2 - 6*g - 5. Give j(s).
3
Let v(c) = -1 - 1 + 1 - 2*c - 4. Let i be (-4)/(-8)*0/(-4 + 1). Suppose i = -2*p + 4, 4*p - 2 = y + 11. Calculate v(y).
5
Let l be 23 + -26 - (-1 + 0). Let y(w) = w**3 - 3*w**2 - 2*w - 3. Give y(l).
-19
Let z(j) = 2*j**3 - 9*j**2 + 5*j + 1. Let t be z(4). Let g(w) = -8*w + 3. Give g(t).
-37
Let g(v) = 3*v**3 - 35*v**2 - 11*v + 68. Let m(l) = 2*l**3 - 24*l**2 - 8*l + 46. Let j(u) = 5*g(u) - 7*m(u). Calculate j(6).
-12
Let y(q) = -7*q**2 - 3*q - 6. Let r(t) = 2*t**2 - t + 2. Let i(z) = -4*r(z) - y(z). Calculate i(4).
10
Let f(s) = s**2 - 8*s - 6. Suppose 4*l - 10 = 10, 3*p + 2*l = 34. What is f(p)?
-6
Let q(n) = -n + 6. Let r = 22 + -19. Suppose -3*j = r*j. What is q(j)?
6
Let w(y) = -y**2 - 6*y - 1. Let m be w(-5). Suppose -2*q + i - m*i = -13, 3*q = 2*i. Let p(o) = -3 + 0 - 2 + q + o. What is p(0)?
-3
Suppose 11*w = 6*w + 15. Suppose -v + 4*n + 12 = -w*v, 18 = -4*v - 5*n. Let m(r) = -r**3 + r**2 - r + 1. What is m(v)?
15
Suppose 0 = 5*p, 5*p + 6 = o + 2*o. Let c(f) = -7*f**3 + 5*f**2 - 3. Let w(j) = 3*j**3 - 2*j**2 + 1. Let i(y) = o*c(y) + 5*w(y). What is i(-2)?
-9
Suppose 7*f - f = -96. Let d be (-9)/2 + (-8)/f. Let l(v) = v**2 + 4*v + 3. Determine l(d).
3
Let n(r) = -6*r + 6. Let i(y) = y - 1. Let z(u) = 16*i(u) + 3*n(u). Suppose -2*v - 4*k + 26 = 0, 3*v - k + 29 = 5*v. Suppose -x - 4*x + v = 0. Calculate z(x).
-4
Let b(a) = -a**2 - a - 1. Let m(w) = -5*w**2 + 3*w - 12. Let h(v) = 4*b(v) - m(v). Let x be 3 + 9/(-3)*(1 + -7). Let l = -15 + x. Determine h(l).
2
Let p(h) be the first derivative of -h**4/8 + h**2/2 - 2. Let a(w) be the second derivative of p(w). Suppose 4 = -3*v + 5*d - 4*d, 3 = 3*d. What is a(v)?
3
Let n(s) = -s**2 - 8*s - 8. Let k(f) be the first derivative of -3*f**2/2 - 43*f - 6. Let v be k(-12). Calculate n(v